e
Does 8 divide 5141224?
True
Is 255816 a multiple of 187?
True
Does 658 divide 2765732?
False
Does 229 divide 1432853?
True
Is 2 a factor of 77408?
True
Is 2 a factor of 104022?
True
Is 175764 a multiple of 97?
True
Is 399 a factor of 10286543?
False
Does 31 divide 14756?
True
Is 71 a factor of 569579?
False
Is 65 a factor of 15600?
True
Is 17 a factor of 70414?
True
Does 121 divide 256762?
True
Is 26044 a multiple of 191?
False
Is 2339750 a multiple of 20?
False
Is 1885792 a multiple of 23?
False
Does 94 divide 6621548?
True
Is 1220560 a multiple of 19?
True
Does 20 divide 14059590?
False
Does 70 divide 3125369?
False
Is 16 a factor of 1449000?
False
Is 102 a factor of 336090?
True
Is 53 a factor of 17029?
False
Is 118 a factor of 2678933?
False
Does 55 divide 907940?
True
Is 89280 a multiple of 5?
True
Is 149504 a multiple of 32?
True
Does 32 divide 54336?
True
Is 5 a factor of 106615?
True
Does 270 divide 24359?
False
Is 731 a factor of 2189692?
False
Does 12 divide 503292?
True
Is 399 a factor of 206283?
True
Is 159 a factor of 1543732?
False
Is 52 a factor of 255216?
True
Is 721872 a multiple of 16?
True
Is 63900 a multiple of 45?
True
Is 14 a factor of 825832?
True
Is 76 a factor of 1252556?
True
Is 15 a factor of 100994?
False
Is 5662653 a multiple of 4?
False
Is 10 a factor of 156050?
True
Does 10 divide 2847960?
True
Does 79 divide 9678063?
False
Is 451890 a multiple of 9?
True
Is 178542 a multiple of 234?
True
Is 90 a factor of 2529270?
True
Does 40 divide 10813640?
True
Is 20462 a multiple of 74?
False
Is 1362 a factor of 6962977?
False
Is 135 a factor of 13335570?
True
Is 27101496 a multiple of 1840?
False
Is 507 a factor of 4053723?
False
Does 10 divide 142879?
False
Is 13 a factor of 134966?
True
Does 302 divide 4818196?
False
Is 28 a factor of 297920?
True
Is 1679253 a multiple of 23?
True
Is 1331235 a multiple of 27?
True
Is 3 a factor of 42790?
False
Is 527255 a multiple of 105?
False
Does 25 divide 1117393?
False
Does 13 divide 51805?
True
Is 9853 a multiple of 54?
False
Is 152667 a multiple of 39?
False
Is 220 a factor of 37629?
False
Does 4 divide 1103471?
False
Is 19459097 a multiple of 335?
False
Is 234 a factor of 146016?
True
Does 103 divide 877045?
True
Is 180384 a multiple of 48?
True
Is 46754 a multiple of 13?
False
Is 215 a factor of 2123125?
True
Does 211 divide 1005204?
True
Does 50 divide 55564?
False
Is 15 a factor of 157962?
False
Does 430 divide 2084210?
True
Is 2005 a factor of 23534690?
True
Is 114 a factor of 182628?
True
Is 26520 even?
True
Is 35 a factor of 660240?
True
Does 30 divide 440933?
False
Does 149 divide 59916?
False
Does 191 divide 404920?
True
Is 92939 a multiple of 11?
True
Is 184885 a multiple of 163?
False
Does 167 divide 2198331?
False
Does 8 divide 467929?
False
Does 9 divide 975591?
True
Is 250000 a multiple of 16?
True
Is 18 a factor of 1696466?
False
Does 294 divide 3234?
True
Is 644458 a multiple of 14?
False
Does 10 divide 742?
False
Does 508 divide 8018780?
True
Does 11 divide 1067891?
True
Does 226 divide 3205302?
False
Is 273458 a multiple of 68?
False
Does 389 divide 1732606?
True
Is 2487348 a multiple of 88?
False
Is 6182807 a multiple of 26?
False
Is 3055171 a multiple of 316?
False
Does 71 divide 283219?
True
Does 4 divide 32823?
False
Is 452048 a multiple of 16?
True
Is 18 a factor of 98927?
False
Is 45061 a multiple of 103?
False
Is 6 a factor of 68472?
True
Is 46312 a multiple of 56?
True
Is 51 a factor of 513723?
True
Does 291 divide 2722347?
False
Is 4788030 a multiple of 5?
True
Is 6144936 a multiple of 8?
True
Is 5202 a multiple of 3?
True
Is 4090173 a multiple of 898?
False
Is 186837 a multiple of 21?
True
Does 650 divide 1351717?
False
Does 195 divide 347880?
True
Does 19 divide 5202553?
False
Is 40 a factor of 520720?
True
Does 58 divide 20526?
False
Does 160 divide 1067272?
False
Does 272 divide 590512?
True
Is 8154328 a multiple of 13?
True
Is 20 a factor of 131040?
True
Does 6 divide 202926?
True
Is 2976 a multiple of 7?
False
Is 396 a factor of 11758824?
True
Is 1373559 a multiple of 8?
False
Is 8 a factor of 55302?
False
Is 39 a factor of 20280?
True
Does 11 divide 437710?
False
Is 44398 a multiple of 158?
True
Does 45 divide 146745?
True
Is 16 a factor of 1438000?
True
Is 98397 a multiple of 60?
False
Is 6052887 a multiple of 2527?
False
Is 10912704 a multiple of 96?
True
Is 119990 a multiple of 26?
True
Is 16184 a multiple of 84?
False
Is 7 a factor of 81375?
True
Is 132639 a multiple of 211?
False
Is 6 a factor of 5986674?
True
Does 15 divide 26992?
False
Is 296 a factor of 1607084?
False
Is 210 a factor of 203700?
True
Is 52 a factor of 75816?
True
Is 116616 a multiple of 339?
True
Is 240 a factor of 248096?
False
Is 230490 a multiple of 2?
True
Does 711 divide 1591929?
True
Does 22 divide 341572?
True
Is 228 a factor of 152304?
True
Does 299 divide 1076178?
False
Does 49 divide 2052855?
True
Does 3 divide 163965?
True
Is 12 a factor of 12108?
True
Is 637665 a multiple of 21?
True
Is 439000 a multiple of 125?
True
Does 11 divide 10009590?
False
Is 179 a factor of 164143?
True
Is 1742364 a multiple of 409?
False
Is 175 a factor of 244192?
False
Is 5 a factor of 1139965?
True
Is 23 a factor of 304497?
True
Is 18 a factor of 5558634?
True
Is 5 a factor of 1147569?
False
Is 25 a factor of 66825?
True
Does 3 divide 30693?
True
Does 13 divide 831285?
True
Is 53 a factor of 521997?
True
Does 23 divide 113377?
False
Is 35820 a multiple of 18?
True
Is 11078607 a multiple of 59?
True
Is 157112 even?
True
Is 5 a factor of 559181?
False
Does 74 divide 2112019?
False
Is 1321446 a multiple of 117?
False
Is 36504 a multiple of 39?
True
Is 161850 a multiple of 150?
True
Is 619590 a multiple of 30?
True
Is 915270 a multiple of 15?
True
Does 65 divide 35360?
True
Is 89 a factor of 581308?
False
Does 678 divide 198649?
False
Is 271 a factor of 104227?
False
Is 217 a factor of 2320101?
False
Does 402 divide 209844?
True
Is 34134 a multiple of 6?
True
Is 38 a factor of 60350?
False
Does 213 divide 581490?
True
Is 93 a factor of 129202?
False
Is 3142584 a multiple of 27?
True
Is 221850 a multiple of 50?
True
Is 15852810 a multiple of 30?
True
Is 147 a factor of 197127?
True
Is 15 a factor of 3064380?
True
Is 76454 a multiple of 18?
False
Is 762 a factor of 8651333?
False
Does 5 divide 31306?
False
Does 11 divide 268483?
False
Does 604 divide 233144?
True
Does 85 divide 34000?
True
Is 2770769 a multiple of 27?
False
Is 897787 a multiple of 21?
False
Is 781 a factor of 2245866?
False
Is 263 a factor of 116801?
False
Does 193 divide 18525?
False
Is 42 a factor of 362964?
True
Is 131328 a multiple of 19?
True
Does 1202 divide 11026254?
False
Does 15 divide 4246299?
False
Is 26251328 a multiple of 20?
False
Does 31 divide 320075?
True
Does 189 divide 192011?
False
Is 121 a factor of 48400?
True
Is 515 a factor of 1600197?
False
Is 85 a factor of 2463321?
False
Is 26 a factor of 7536542?
True
Is 1307896 a multiple of 144?
False
Is 30 a factor of 176970?
True
Is 48960 a multiple of 255?
True
Is 865 a factor of 1196887?
False
Does 109 divide 128075?
True
Does 16 divide 244376?
False
Does 15 divide 92362?
False
Is 302096 a multiple of 478?
True
Is 93 a factor of 104160?
True
Is 39 a factor of 568388?
False
Is 24824 a multiple of 232?
True
Does 8 divide 817649?
False
Is 27 a factor of 58590?
True
Is 584 a multiple of 22?
False
Is 141 a factor of 3181801?
False
Is 79084 a multiple of 17?
True
Does 179 divide 1353515?
False
Does 71 divide 700465?
False
Is 1025 a factor of 5406649?
False
Is 528432 a multiple of 218?
True
Does 16 divide 727286?
False
Is 9202752 a multiple of 32?
True
Is 697 a factor of 2350284?
True
Is 31 a factor of 451761?
False
Does 25 divide 3439450?
True
Is 20 a factor of 2365760?
True
Is 1869560 a multiple of 28?
True
Is 45 a factor of 31327?
False
Does 16 divide 120416?
True
Is 61 a factor of 360790?
False
Does 65 divide 2109445?
True
Is 867326 a multiple of 4?
False
Is 942483 a multiple of 12?
False
Is 194 a factor of 1070298?
True
Does 190 divide 87210?
True
Is 4 a factor of 322064?
True
Is 27450 a multiple of 610?
True
Is 1083609 a multiple of 316?
False
Does 15 divide 3515341?
False
Is 1382 a factor of 297130?
True
Does 5 divide 73446?
False
Is 4107 a multiple